 7) to base 11.
356327
Convert 1011100010010101111 (base 2) to base 7.
3133063
What is -96337a (base 13) in base 2?
-1101011011011011001010
-a3fd2 (base 16) to base 4
-2203333102
What is 45635355 (base 7) in base 12?
1406490
What is -176305 (base 9) in base 16?
-1ac1e
What is 1292a (base 12) in base 14?
9430
Convert -100101011010110101010 (base 2) to base 5.
-303214104
Convert -2292c0b (base 13) to base 7.
-156414542
Convert 10462b (base 15) to base 8.
2750172
2012323222 (base 4) to base 7
4461214
10041456 (base 7) to base 16
cb8bf
Convert 299699 (base 16) to base 10.
2725529
-2deaa (base 16) to base 7
-1412215
152440043 (base 6) to base 15
435bd3
Convert b000b (base 12) to base 7.
1640015
What is 8962b9 (base 13) in base 12?
1103749
Convert -300410 (base 5) to base 3.
-111000010
What is -34012441 (base 6) in base 5?
-230401304
104404203 (base 6) to base 12
776663
Convert -10111111000010100011111 (base 2) to base 5.
-3100304444
Convert -6725504 (base 9) to base 12.
-1266511
-34330 (base 15) to base 4
-220203033
Convert -6721404 (base 10) to base 3.
-110122111000220
What is 10010111111010100 (base 2) in base 15?
180a5
Convert -560651 (base 7) to base 13.
-35c5a
What is -3772 (base 16) in base 2?
-11011101110010
Convert -63091 (base 10) to base 3.
-10012112201
What is -303354 (base 8) in base 12?
-49ab8
What is -203110202 (base 4) in base 8?
-432442
Convert -43971 (base 11) to base 14.
-1931a
-14030067 (base 8) to base 11
-1867784
Convert 21404421 (base 5) to base 2.
101101001010011010
Convert -3f3a34 (base 16) to base 4.
-33303220310
Convert 91517 (base 10) to base 11.
62838
204241240 (base 6) to base 10
3566904
Convert -111000111111010110 (base 2) to base 14.
-610d8
What is 102011001303 (base 4) in base 11?
2747692
10012212112 (base 3) to base 8
173541
-225585 (base 11) to base 4
-1113211101
What is 20209a (base 14) in base 3?
2000221020010
What is 2444103404 (base 5) in base 10?
5847354
Convert 1204313221 (base 5) to base 6.
140100451
What is 322552151 (base 6) in base 14?
a950d5
Convert 111102310120 (base 4) to base 2.
10101010010110100011000
Convert -1075673 (base 8) to base 9.
-487035
What is 6234731 (base 8) in base 5?
410400314
-110133112 (base 4) to base 9
-137111
What is 9c719 (base 14) in base 7?
3142032
Convert -4703042 (base 8) to base 4.
-10320120202
Convert -5167a (base 14) to base 4.
-233320030
What is 20555432 (base 6) in base 13?
183080
-11011001100111001101100 (base 2) to base 9
-14367465
What is 571410 (base 9) in base 14?
8ca14
What is -13341202 (base 6) in base 12?
-197802
What is 1036031 (base 9) in base 6?
15523514
-2901b1 (base 12) to base 2
-10100111001000010101
-1043225 (base 7) to base 9
-215115
-31cca (base 13) to base 9
-146502
-431a6 (base 12) to base 3
-11111021000
3254203 (base 6) to base 10
162939
Convert 194a74 (base 12) to base 6.
13303024
10110211020211 (base 3) to base 8
7026725
What is -10000100000110101110 (base 2) in base 15?
-aa4d7
2b793 (base 14) to base 6
2154221
-aa129 (base 13) to base 3
-120122012102
Convert -14679 (base 11) to base 13.
-95c3
Convert -2231435 (base 6) to base 3.
-12202012012
304124314 (base 5) to base 4
10232210212
Convert -5074256 (base 9) to base 3.
-12002111021220
What is 2555151 (base 9) in base 13?
39aa8c
What is 28224d (base 14) in base 11?
86957a
What is -1032321013 (base 4) in base 2?
-1001110111001000111
11322020112 (base 4) to base 6
53110250
What is -1101001011001100 (base 2) in base 3?
-2202000200
-588a (base 14) to base 12
-8b02
-140117 (base 16) to base 6
-44033235
What is 234567 (base 10) in base 11?
150263
-232224 (base 6) to base 2
-100110111111000
What is 3fcee0 (base 16) in base 13?
b354c5
-7436616 (base 9) to base 4
-33023320221
1000001001011100 (base 2) to base 11
23089
What is -2120021222120 (base 3) in base 7?
-14410344
What is -1643883 (base 10) in base 7?
-16654443
Convert -127376 (base 12) to base 16.
-49f4a
Convert -10c8a (base 15) to base 10.
-53455
Convert -1314355 (base 9) to base 10.
-718358
Convert -264121 (base 10) to base 8.
-1003671
-10200121210 (base 3) to base 4
-101232300
What is 45333 (base 8) in base 16?
4adb
Convert 5113655 (base 7) to base 5.
123440231
Convert 57b6a (base 13) to base 3.
22010122210
3324014 (base 6) to base 10
166762
What is -258731 (base 10) in base 11?
-167430
-45983 (base 11) to base 3
-10101002020
-12348456 (base 9) to base 3
-102101122111220
What is -113243332 (base 5) in base 9?
-878847
-111111001111001111 (base 2) to base 15
-51b33
Convert -1a9160 (base 12) to base 14.
-c3dd6
21310322222 (base 4) to base 14
4b0b10
What is -224441142 (base 5) in base 16?
-f7d84
Convert -98931 (base 11) to base 14.
-3a44c
Convert -1925619 (base 10) to base 2.
-111010110000111110011
What is 1320430311 (base 5) in base 10?
3295706
-13946a (base 12) to base 6
-11003014
403584 (base 12) to base 3
1212212120101
Convert 3543330 (base 6) to base 14.
4b4c6
Convert -10120222122001 (base 3) to base 8.
-7220366
Convert -11002001011121 (base 3) to base 6.
-114231411
Convert 46730 (base 12) to base 9.
153380
Convert -2200020020 (base 4) to base 11.
-408855
What is -100222130 (base 4) in base 7?
-402662
What is 26a2 (base 11) in base 10?
3500
What is 112231262 (base 7) in base 11?
3969809
Convert 2404623 (base 8) to base 2.
10100000100110010011
What is -34332444 (base 5) in base 6?
-10340123
1093e1 (base 16) to base 3
2001012022021
Convert 10001000000101011101000 (base 2) to base 13.
c01906
What is -1111011111011010000 (base 2) in base 7?
-4212612
What is -10110010101110111 (base 2) in base 4?
-112111313
What is -100205 (base 6) in base 4?
-1322231
Convert 34360 (base 12) to base 3.
10112111200
What is -1cb76 (base 14) in base 7?
-424406
What is 133221 (base 11) in base 2?
110011000101010000
1436445 (base 7) to base 9
325553
What is -14564634 (base 7) in base 8?
-5243137
Convert 51360b (base 15) to base 4.
32232020222
Convert 2143186 (base 9) to base 11.
716449
Convert -38a176 (base 16) to base 10.
-3711350
What is -c73a9 (base 13) in base 8?
-1274545
Convert -1dc427 (base 14) to base 7.
-12050250
1662784 (base 9) to base 7
10611133
Convert 3a263 (base 11) to base 8.
160310
-10514612 (base 7) to base 15
-1301be
51cd6 (base 15) to base 6
5320533
What is -45543043 (base 6) in base 13?
-39c2a3
295458 (base 12) to base 5
134143242
Convert -12575071 (base 9) to base 7.
-103422532
Convert -1130223000 (base 4) to base 2.
-1011100101011000000
What is 10001000010000001 (base 2) in base 6?
1254545
What is 30d834 (base 14) in base 6?
55214222
Convert 1083a68 (base 11) to base 7.
22045524
Convert -a6a0b (base 13) to base 8.
-1112715
Convert -4200121221 (base 5) to base 13.
-1a20877
What is -133113122 (base 4) in base 6?
-2430442
What is -220030300 (base 4) in base 10?
-164656
What is -112310130123 (base 4) in base 3?
-102020220201210
-a9b34a (base 13) to base 15
-53d945
What is 183c8b (base 14) in base 3?
1121111000111
What is 1010221100102 (base 3) in base 4?
2110223021
Convert 14215305 (base 8) to base 11.
18a8901
Convert -1003215 (base 6) to base 3.
-2102000002
Convert -2100021030 (base 4) to base 2.
-10010000001001001100
Convert -50305111 (base 6) to base 2.
-101011011101100000011
Convert 512503 (base 7) to base 13.
309ca
2e0339 (base 15) to base 12
8b5599
-8482a (base 12) to base 3
-22211122221
What is 10201210110 (base 3) in base 8?
217407
What is -114451434 (base 6) in base 11?
-1261a84
60a834 (base 13) to base 16
225973
Convert -101100111111100011 (base 2) to base 6.
-3541111
43b (base 14) to base 10
837
Convert -3c970c (base 15) to base 12.
-b88503
Convert -1b5889 (base 12) to base 2.
-1110110110110101001
-7333205 (base 8) to base 9
-3587132
26508 (base 14) to base 7
541611
-204411441 (base 5) to base 12
-354029
Convert -1324796 (base 11) to base 7.
-25316115
-18286c (base 16) to base 3
-2222102202111
What is 22002121203 (base 4) in base 10?
2631267
-15220220 (base 8) to base 5
-1342403434
Convert -4240300 (base 5) to base 13.
-26607
What is 52767 (base 13) in base 8?
441763
Convert 4012021 (base 5) to base 7.
352541
61553a5 (base 12) to base 2
1000101101110010011101101
-401752 (base 9) to base 12
-b556b
What is 2a635 (base 12) in base 14?
17a53
What is -11022020022002 (base 3) in base 6?
-121011432
What is 58141 (base 12) in base 10?
117697
What is